of 310180?
True
Is 116374 a multiple of 16?
False
Is 83058 a multiple of 381?
True
Is 2481191 a multiple of 2?
False
Is 22 a factor of 865468?
False
Is 677580 a multiple of 230?
True
Is 380898 a multiple of 126?
True
Is 3353355 a multiple of 35?
False
Does 35 divide 6783245?
True
Does 16 divide 8817?
False
Is 19 a factor of 11368650?
True
Is 3751103 a multiple of 951?
False
Is 10 a factor of 395310?
True
Is 328237 a multiple of 43?
False
Is 210 a factor of 339780?
True
Is 226702 a multiple of 334?
False
Does 5 divide 1936850?
True
Is 127326 a multiple of 48?
False
Does 4 divide 36460?
True
Is 216480 a multiple of 6?
True
Is 1199378 a multiple of 694?
False
Is 1062432 a multiple of 32?
True
Does 251 divide 761452?
False
Is 2220541 a multiple of 43?
False
Is 605744 a multiple of 262?
True
Is 343 a factor of 3787500?
False
Is 12280 a multiple of 4?
True
Does 27 divide 23959?
False
Is 15 a factor of 122550?
True
Is 39 a factor of 703170?
True
Is 19351 a multiple of 8?
False
Is 32 a factor of 182416?
False
Is 2363 a factor of 33399885?
False
Is 15 a factor of 190095?
True
Does 68 divide 418268?
True
Is 465146 a multiple of 418?
False
Does 9 divide 1464533?
False
Does 9 divide 399941?
False
Is 56 a factor of 1369816?
True
Does 307 divide 2872029?
False
Does 24 divide 255184?
False
Does 45 divide 106470?
True
Is 10 a factor of 15702830?
True
Does 283 divide 1529724?
False
Does 529 divide 894420?
False
Does 23 divide 693580?
False
Is 185936 a multiple of 91?
False
Does 9 divide 5025156?
False
Is 2423714 a multiple of 3?
False
Is 11 a factor of 116070?
False
Does 162 divide 36711?
False
Does 6 divide 31728?
True
Is 7994992 a multiple of 1585?
False
Is 327 a factor of 729?
False
Is 620788 a multiple of 268?
False
Is 797 a factor of 81478?
False
Does 11 divide 109156?
False
Does 8 divide 540768?
True
Is 11 a factor of 1675069?
True
Is 498 a factor of 4179216?
True
Does 52 divide 238703?
False
Is 1218312 a multiple of 12?
True
Does 566 divide 2998174?
False
Is 21 a factor of 1317057?
True
Is 3082447 a multiple of 13?
False
Is 460215 a multiple of 16?
False
Is 14 a factor of 9803?
False
Is 34146 a multiple of 6?
True
Does 63 divide 3544104?
False
Is 21 a factor of 512610?
True
Is 51 a factor of 160854?
True
Does 20 divide 75431?
False
Is 216216 a multiple of 462?
True
Is 67 a factor of 341918?
False
Is 53 a factor of 670980?
True
Is 11 a factor of 7645?
True
Does 69 divide 5348742?
True
Is 36 a factor of 32761296?
True
Is 3506441 a multiple of 12?
False
Does 6 divide 16977?
False
Is 939100 a multiple of 20?
True
Is 156 a factor of 45410?
False
Does 122 divide 14254412?
False
Is 151 a factor of 76384?
False
Does 17 divide 29619?
False
Is 20194 a multiple of 368?
False
Is 351 a factor of 8543025?
False
Is 301 a factor of 31911?
False
Is 8 a factor of 996120?
True
Does 867 divide 2791740?
True
Is 28 a factor of 25620?
True
Is 524824 a multiple of 15?
False
Does 74 divide 191375?
False
Does 309 divide 137697?
False
Is 196289 a multiple of 19?
True
Is 5902342 a multiple of 1219?
False
Is 451 a factor of 1575881?
False
Does 36 divide 1685053?
False
Is 78 a factor of 542457?
False
Does 85 divide 17893690?
True
Is 911 a factor of 150997?
False
Is 369 a factor of 6733881?
True
Is 24 a factor of 1146504?
True
Does 34 divide 210086?
True
Is 45 a factor of 5078520?
True
Is 5 a factor of 298055?
True
Is 150 a factor of 1527600?
True
Is 5763402 a multiple of 362?
True
Is 5713154 a multiple of 23?
True
Is 543462 a multiple of 65?
False
Is 6286858 a multiple of 1783?
True
Does 107 divide 1304116?
True
Is 61 a factor of 16714?
True
Is 255664 a multiple of 304?
True
Is 102 a factor of 126582?
True
Is 143 a factor of 268554?
True
Is 16533132 a multiple of 2468?
True
Is 17 a factor of 546822?
True
Does 85 divide 107865?
True
Is 71643 a multiple of 13?
True
Does 72 divide 27749043?
False
Does 122 divide 19678?
False
Is 196365 a multiple of 13?
True
Is 705 a factor of 1806915?
True
Is 21546 a multiple of 133?
True
Does 12 divide 82356?
True
Is 267 a factor of 157511?
False
Is 25 a factor of 17639?
False
Is 2702238 a multiple of 1296?
False
Is 67 a factor of 1416664?
False
Is 78698 a multiple of 109?
True
Is 52 a factor of 317200?
True
Does 15 divide 14202514?
False
Is 4558061 a multiple of 2?
False
Does 12 divide 13823568?
True
Is 12 a factor of 1536708?
True
Is 1050 a factor of 2250415?
False
Is 43448 a multiple of 73?
False
Is 90340 a multiple of 49?
False
Is 14751703 a multiple of 81?
False
Does 86 divide 6180678?
False
Is 1604715 a multiple of 255?
True
Is 235060 a multiple of 230?
True
Is 18148616 a multiple of 1269?
False
Is 13 a factor of 32806?
False
Is 6485504 a multiple of 239?
True
Is 140 a factor of 2099860?
True
Is 2890440 a multiple of 35?
True
Is 57824 a multiple of 139?
True
Is 9 a factor of 7549281?
True
Does 13 divide 672724?
True
Is 24 a factor of 9457080?
True
Is 777 a factor of 239493?
False
Is 5687639 a multiple of 22?
False
Does 8 divide 71136?
True
Does 89 divide 22570?
False
Does 10 divide 4739?
False
Is 243 a factor of 3315249?
True
Is 414006 a multiple of 2?
True
Is 16 a factor of 95936?
True
Is 74803 a multiple of 14?
False
Is 430920 a multiple of 63?
True
Is 1597801 a multiple of 57?
False
Is 43724 a multiple of 184?
False
Is 5282056 a multiple of 13?
True
Is 55 a factor of 654487?
False
Is 118018 a multiple of 42?
False
Is 360 a factor of 628165?
False
Is 17990785 a multiple of 248?
False
Does 31 divide 1680758?
True
Is 12456592 a multiple of 638?
False
Is 45464 a multiple of 2?
True
Is 1223963 a multiple of 5?
False
Is 22 a factor of 51168?
False
Does 57 divide 52875?
False
Is 734990 a multiple of 277?
False
Is 117910 a multiple of 43?
False
Is 4819 a multiple of 4?
False
Is 9 a factor of 27909?
True
Is 217 a factor of 7960211?
True
Does 190 divide 3440215?
False
Is 22 a factor of 1538152?
True
Is 48 a factor of 704400?
True
Is 316895 a multiple of 61?
True
Is 21 a factor of 59682?
True
Is 572757 a multiple of 8?
False
Is 73500 a multiple of 490?
True
Is 22751 a multiple of 31?
False
Is 32 a factor of 41760?
True
Is 10 a factor of 7574?
False
Does 10 divide 222490?
True
Is 15 a factor of 804420?
True
Does 251 divide 6797582?
True
Is 2816973 a multiple of 129?
True
Is 387107 a multiple of 6?
False
Is 6 a factor of 74890?
False
Is 15 a factor of 35008?
False
Is 86 a factor of 2770834?
True
Is 5164024 a multiple of 1372?
False
Does 95 divide 851010?
True
Is 8 a factor of 3110?
False
Is 7 a factor of 12810?
True
Does 263 divide 171546?
False
Is 37 a factor of 3648385?
True
Does 270 divide 24615?
False
Is 15371933 a multiple of 27?
False
Does 8 divide 185744?
True
Does 37 divide 187300?
False
Does 75 divide 1037025?
True
Is 20 a factor of 2505540?
True
Is 158 a factor of 2074933?
False
Is 13 a factor of 60957?
True
Is 26 a factor of 1077622?
True
Is 3678988 a multiple of 421?
False
Is 328231 a multiple of 8?
False
Does 628 divide 2342014?
False
Is 1577 a factor of 4162708?
False
Is 1844674 a multiple of 5?
False
Does 399 divide 433888?
False
Is 15825276 a multiple of 1791?
True
Does 20 divide 7418140?
True
Is 19421 a multiple of 65?
False
Does 5 divide 132696?
False
Is 16 a factor of 247184?
True
Does 11 divide 1983619?
True
Is 3 a factor of 242303?
False
Is 21 a factor of 2775068?
False
Is 883342 a multiple of 464?
False
Is 53 a factor of 1477640?
True
Is 23482611 a multiple of 71?
True
Does 148 divide 112854?
False
Is 14195500 a multiple of 250?
True
Is 6 a factor of 71148?
True
Is 15015674 a multiple of 2103?
False
Is 1522328 a multiple of 37?
True
Is 4583280 a multiple of 78?
True
Is 5 a factor of 70605?
True
Does 96 divide 8495?
False
Is 229000 a multiple of 25?
True
Does 31 divide 361607?
False
Is 5 a factor of 3185013?
False
Is 20507 a multiple of 15?
False
Is 8 a factor of 277317?
False
Is 1600623 a multiple of 235?
False
Is 12796 a multiple of 38?
False
Does 183 divide 319335?
True
Is 544 a factor of 8610432?
True
Does 45 divide 3582585?
True
Does 2 divide 2871627?
False
Is 23 a factor of 5785788?
True
Does 22 divide 15477?
False
Does 6 divide 1113941?
False
Is 2413201 a multiple of 441?
False
Is 82446 a multiple of 14?
True
Is 63 a factor of 2240910?
True
Is 25 a factor of 2255?
False
Does 163 divide 50864?
False
Is 874 a factor of 12610